factors of -2 - -55 - (11 + w)?
7
Let r(g) = 44*g**2 - 13 + 5*g + 0*g + 7*g - 43*g**2. Let i be r(-14). Suppose 12*p + 207 = i*p. What are the prime factors of p?
3, 23
Suppose 4*o = 2*o + 82. Suppose -o = 5*a - 226. List the prime factors of a.
37
Let f(m) = 2*m**2 + 9*m. Let g be f(-4). Let a(c) = -3*c**3 - 3*c**2 - 6*c - 7. List the prime factors of a(g).
7, 23
Suppose -1 = a - 23. Let q = a + -15. Suppose -h - q = -17. What are the prime factors of h?
2, 5
Suppose -9*y = -18*y - 9. Let k = y + 139. What are the prime factors of k?
2, 3, 23
Let t = 93 + -87. What are the prime factors of -2 + -3 + t + 156?
157
Suppose 2*g = -36 - 14. List the prime factors of 15/g + 1378/5.
5, 11
Suppose -5*b = 4*w - 0*w - 7359, 4*w = 3*b - 4409. What are the prime factors of b?
1471
Suppose 3*s + k - 4*k = 0, 2*s = k. Suppose -3*f - f = s. Suppose f = -4*r - 34 + 106. What are the prime factors of r?
2, 3
Let y(s) = 2*s**2 - 4*s + 12. Let c(k) = -2*k**2 + 2*k - 11. Let r(u) = -6*c(u) - 5*y(u). Let b = -6 + 1. What are the prime factors of r(b)?
2
Let q be 22/143 - 134/26. What are the prime factors of -3 + 153 + q/(15/6)?
2, 37
Suppose 101 = 16*d + 693. Let b = -24 - d. What are the prime factors of b?
13
Suppose b - 5*b + 3*x + 22 = 0, -2*b + 6 = -4*x. Let r(g) = g**2 - 5*g - 6. Let w be r(b). List the prime factors of 435/20 - (-2)/w.
2, 11
List the prime factors of 3 - 312/108 - 3275/(-9).
2, 7, 13
Let i(l) = 8 + 5 + 3*l**3 - 1 + 19*l - 4*l**3 + 17*l**2. What are the prime factors of i(18)?
2, 3, 5
Let c(a) = a**2 - a + 3. Let v be 27/(-18)*(-4)/3. Suppose 0*h = -s - v*h + 4, 4*h - 32 = 4*s. List the prime factors of c(s).
23
Let r = -103 + 103. Let y(b) = 6*b**2 - 2*b - 1. Let p be y(-4). Suppose -z = -5, 3*g - z + r*z = p. What are the prime factors of g?
2, 3
Suppose 33 = -5*g + 8. Let c(k) = k**3 + 7*k**2 + 2*k - 2. Let q be c(g). Suppose -3*h - q = -x - 0*x, 5*x - 3*h = 154. List the prime factors of x.
29
Let t = 1556 - -80. What are the prime factors of t?
2, 409
Let u be ((-1)/6 + (-145)/(-15))*14. Let x = u - -12. What are the prime factors of x?
5, 29
Suppose 23*d - 40 = 22*d + 4*s, -4*d + 2*s = -174. List the prime factors of d.
2, 11
What are the prime factors of ((-8)/(-12))/(3/(-6156)*-2)?
2, 3, 19
Let q(i) = -142*i - 232. List the prime factors of q(-12).
2, 23
Let z = -56 + 53. What are the prime factors of 54/2 - (z + 7)?
23
Let t be 1/(((-2)/(-12))/(-1)). Let q be (t/(-4))/(12/(-32)). List the prime factors of (q - -1)/((-1)/5).
3, 5
Suppose 2*v = -5*r + 1200, v - r - 536 = 50. List the prime factors of v.
2, 5, 59
Let b = -1 - -3. Let k = 18 - b. What are the prime factors of k/2*9/12?
2, 3
Suppose 87 = -4*g + 895. Suppose -58 = 4*c - g. Suppose -5*p + 341 = c. List the prime factors of p.
61
Let i(j) = j**3 - 6*j**2 + 10*j - 7. Let h be i(7). Let m be (-2)/7 - h/(-49). Suppose 12 = w - m. List the prime factors of w.
2, 7
Suppose 3*w = 425 - 68. Let s = w - 25. List the prime factors of s.
2, 47
Let r(h) = -64*h - 440. What are the prime factors of r(-36)?
2, 233
What are the prime factors of 15992/13 + 7*2/(-91)?
2, 3, 5, 41
Let k be 304/20 + (-1)/5. Suppose -4*s - 2*d = -466, -k = 2*d + d. What are the prime factors of s?
7, 17
Let d be -4*(-10)/(-4) + -1. Let q(p) = -p**3 - 10*p**2 + 12*p + 15. Let o be q(d). What are the prime factors of 204/8 - (-2)/o?
2, 13
Suppose 0*y + y + 16 = -4*l, -20 = -3*y + 5*l. Suppose -3*u + y = -9. Suppose -5*w = u*h - 65, 2*h - 16 - 34 = -2*w. What are the prime factors of h?
2, 3, 5
Suppose 0 = 3*s - s + 4*d - 60, 0 = 5*s - 2*d - 138. Let g be (-24)/s*-3*7. Let i = 61 - g. List the prime factors of i.
43
Let b = 208 - -2118. What are the prime factors of b?
2, 1163
Suppose -49*r = -41*r - 992. What are the prime factors of r?
2, 31
Suppose -2*m + 167 = -13. Suppose 9*l = 1881 + m. What are the prime factors of l?
3, 73
Let d = 3887 - 1308. List the prime factors of d.
2579
Let t(c) = c**3 + 4*c**2 - 3*c - 6. Let x be t(-4). Suppose -x*m + 5*m + 5 = 0. List the prime factors of 3*(m + (-4 - -2)).
3
Let k = 8 + -6. Suppose 5*i - 5 = 0, i + 11 = -k*j + 90. List the prime factors of j.
3, 13
Let k(l) = 6*l + 596. What are the prime factors of k(41)?
2, 421
Let c be (-2)/((-2)/2) - 2. Suppose -3 = -c*u - u - 2*k, 0 = u - k - 6. Suppose u*t - 3*y = -2*y + 94, 46 = 3*t + 2*y. What are the prime factors of t?
2, 3
Suppose 2*u + 3*k = 247, -8*u + 3*u + 565 = -3*k. List the prime factors of u.
2, 29
Let q(u) = -2*u**3 + 15*u**2 + 8*u - 12. Suppose 5*z + a - 42 = -a, 2*a - 34 = -4*z. Let v be q(z). List the prime factors of 6*28/(-32)*v.
3, 7
What are the prime factors of 3354 - 27/(12 + -3)?
3, 1117
Let o = -18 - -4. Let y = o - 229. What are the prime factors of 6/(-10) + y/(-5)?
2, 3
Suppose 0 = -3*f + 2*p + p + 567, -762 = -4*f + 2*p. List the prime factors of f.
2, 3
Suppose t - q + 7 = -4*q, 3*t = -3*q + 3. Suppose 4*b - 463 = t*n, -b + n + 64 = -52. What are the prime factors of b?
3, 13
Suppose -3815 = -4*k + 2297. List the prime factors of k.
2, 191
Suppose -202 = -3*n + 5. Let o = n + 5. List the prime factors of o.
2, 37
What are the prime factors of (36/(-90))/(4 + (-47281)/11820)?
2, 3, 197
List the prime factors of 4 + (-15)/(105/(-2044)).
2, 37
Let r(j) = -178*j**3 - j**2 + j + 2. What are the prime factors of r(-1)?
2, 89
Let r = -434 + 1329. What are the prime factors of r?
5, 179
Suppose 3*b - 1237 = -4*a, 14*b - 10*b - 4*a = 1640. What are the prime factors of b?
3, 137
List the prime factors of -1 - -5 - 17*-46.
2, 3, 131
Let h(f) = -f**2 + 7*f - 4. Let z be h(6). Suppose -z*s + 213 = 5*p, 2*p + 3*s = -p + 135. What are the prime factors of p?
41
Let c(j) = 8*j + 86. What are the prime factors of c(9)?
2, 79
Suppose 4*i + 0*i + 172 = 0. Let a = -86 + 177. Let x = a + i. List the prime factors of x.
2, 3
What are the prime factors of ((-177580)/9)/(-13) + (-4)/(-18)?
2, 3, 11, 23
Let i(g) = 40*g**2 + 20*g - 2. List the prime factors of i(-9).
2, 11, 139
Let u be 2 + 23 + 1*(-7 + 4). List the prime factors of 8*(2 + u)/4.
2, 3
Let v = 139 + -79. Suppose -v = -j - j. What are the prime factors of 5*3*22/j?
11
Let v = 429 + -174. Let t = v + -168. What are the prime factors of t?
3, 29
Let d be (-3)/6 + (-655)/(-10). Let v = 159 - d. What are the prime factors of v?
2, 47
Let z = 58 + -115. Let c = -57 + z. What are the prime factors of (-2)/3 - c/9?
2, 3
Let i = 86 - 47. Suppose 4*f - 324 = -4*q, 373 = 4*f + 2*q + i. List the prime factors of f.
2, 43
Let r(v) = v**3 - 13*v**2 + 15*v - 9. Suppose -2*f = 5*o - 0 + 3, -2*o + f = -6. Let q be 3/1*o + 9. List the prime factors of r(q).
3
Let a = 1 + 2. Suppose -31 = 4*g + 3*n, -a*n - 16 = 3*g - 8*n. Let h = 16 - g. What are the prime factors of h?
23
Let p = 3 + -1. Let f be 3159/18 + (-1)/p. Suppose 2*b = -3*b + f. List the prime factors of b.
5, 7
List the prime factors of 13/((-78)/(-4)) - (-16868)/6.
2, 19, 37
Let q(w) = w**2 - 5*w - 6. Suppose 0 = 5*u + 10, 2*o - 2 = -3*u + 16. Let d be q(o). Suppose -d = -g - g. What are the prime factors of g?
3, 13
Let y(j) = j**3 + 8*j**2 + 15*j - 2. Let v be y(-6). List the prime factors of 5/((-100)/(-3648)) - (-8)/v.
2, 7, 13
Let l(w) = -105*w - 342. List the prime factors of l(-19).
3, 19, 29
Let a = 16 - 12. Suppose 2*g - 3*h - 340 = 0, -a*g + 155 = -h - 535. List the prime factors of g.
173
Suppose 3*b - 7*b + 20 = 0. Suppose -298 = -b*i - 98. Let f = 58 - i. What are the prime factors of f?
2, 3
Suppose -1402 = -7*z + 2217. List the prime factors of z.
11, 47
Suppose 6675 = 2*h + 3*k, 0 = 7*h - 11*h + 3*k + 13341. List the prime factors of h.
2, 3, 139
Let k = 7 - 2. Suppose -5*f = -5*t, -5*t + 4*t + k*f = 20. Suppose -d + 3 = -4*h, 0 = 2*h - t - 1. List the prime factors of d.
3, 5
Let w(s) = -s**3 + 3*s**2 - 2*s + 12. Let q be w(-5). Suppose -4*r = -7*r + q. What are the prime factors of r?
2, 37
Let s = 121 - -341. What are the prime factors of s?
2, 3, 7, 11
Suppose -78 = 6*b + 60. Let n(w) = -8*w + 12. List the prime factors of n(b).
2, 7
Let b be (((-30)/(-4))/(-3))/((-13)/26). What are the prime factors of (b - 79)*(-2)/(4*1)?
37
Suppose -3*p - 5*h - 16 = 0, -5*h - 15 = 10. Suppose -p*f - 12 = 0, t - 3*f + 17 = 2*f. Let s = 68 + t. List the prime factors of s.
31
What are the prime fac